 Calculate the remainder when k is divided by p(-1).
5
Let p(w) = 3*w**2 + 9*w + 15. Let d be 3*(-6)/9*(1 + 2). Calculate the remainder when p(d) is divided by 18.
15
Let q(m) = 4*m - 55. Let o be q(14). Let l = -15 - -11. What is the remainder when 22 is divided by (-3)/(o/(1*l))?
10
Suppose 3 = -s, -2*j = -4*s - 0*s - 120. Suppose -5*g + 69 = x, 0*x = 3*g + 2*x - 40. What is the remainder when j is divided by g?
12
Let i be (-5)/3*(-2 - 1). Let h = i + 50. Suppose 33*z = -z + 986. What is the remainder when h is divided by z?
26
Let u = 7 - 1. Suppose -13 + u = -z. What is the remainder when 20 is divided by z?
6
What is the remainder when (-3 + (-34)/4)*-6 is divided by 36?
33
Let c(n) = -n**2 - 5*n + 14. Let a be c(-7). Suppose a = -4*k + 322 + 34. What is the remainder when k is divided by 15?
14
Let q = 51 + -9. What is the remainder when q is divided by (-3)/(-6) + -2 + (-342)/(-12)?
15
Let f = -1720 - -1965. What is the remainder when f is divided by 241?
4
Let a(u) = 15*u - 96. What is the remainder when a(23) is divided by 122?
5
Let i = -112 - -71. Let z = 63 + i. Calculate the remainder when z is divided by 5.
2
Let g be -1*21*-1 - -4. Let t = g - 36. What is the remainder when 3 is divided by (2/8)/(t/(-132))?
0
Let f = 19 - -7. Suppose 5*a - 29 = f. Calculate the remainder when 42 is divided by a.
9
Suppose 0 = -9*l - 12 + 57. Suppose -4 = 5*y - 19. What is the remainder when l is divided by y?
2
Calculate the remainder when (312/36 + -2)*(-690)/(-8) is divided by 36.
35
Suppose -3*b + 10 = 2*o - b, 3*b = 0. Let v = o - -16. Calculate the remainder when 80 is divided by v.
17
Let c(g) = -g**3 + 8*g**2 + 9*g + 4. Let z be c(9). Suppose -53 = -z*v - 0*x - x, 50 = 5*v - 2*x. What is the remainder when (1*-17)/(5/(-10)) is divided by v?
10
Let q be (-1)/(-5) - 3264/(-80). Let u = q + -19. Calculate the remainder when u is divided by 7.
1
Let k = -237 - -216. Let u be 0/1 - 0 - 2. What is the remainder when 26 is divided by (-7 + k)*1/u?
12
Suppose -n + 5 = 5*y, -y = -n - 2*y + 5. Let z(u) = u**2 - u - 4. Let f be z(-2). What is the remainder when (-84)/(-10) + f/(-5) is divided by n?
3
Suppose 0 = 3*l + c - 249, 4*l + 179 = 4*c + 527. Let o = -60 + l. Calculate the remainder when 92 is divided by o.
20
Let m be 10 - (4/(-6))/((-1)/3). Suppose m*z - 342 = -10*z. What is the remainder when 37 is divided by z?
18
Suppose 86 = -6*i + 134. Calculate the remainder when 108 is divided by i.
4
Let o = 3143 - 3131. Let b(d) = -11*d + 2. Calculate the remainder when b(-5) is divided by o.
9
Calculate the remainder when 21/(-42) + (-394)/(-4) is divided by 25.
23
Suppose 2*k - 28 = 26. Suppose -3*c + 275 = -247. Suppose 5*s - 81 = c. What is the remainder when s is divided by k?
24
Let f be -3 - -1 - (-8 + 9). Suppose 2*q = 3*q - 30. What is the remainder when (f - 7/(-2))*238 is divided by q?
29
Suppose 2*h - 13 = -w, -2*h = 10*w - 12*w + 44. What is the remainder when w is divided by 16?
3
Suppose -3 = 3*p, 20*h - 5*p = 17*h + 374. Calculate the remainder when h is divided by 21.
18
Suppose -4*i = -3*n - 2*n - 23, -5 = 2*i + 3*n. Suppose 3*j + 14 = 6*h - h, 3*j - 14 = -i*h. Calculate the remainder when j is divided by 2.
0
Let j(a) = -a**3 + 30*a**2 + 32*a + 4. What is the remainder when j(31) is divided by 10?
5
Suppose 0 = 7*r + 18 - 67. Suppose -r*f = f - 184. Calculate the remainder when 110 is divided by f.
18
Suppose 2*p + 45 = 5*p. Calculate the remainder when (-4 - (-497)/14)*8/6 is divided by p.
12
Let j = 13 + 1. Let u(p) be the third derivative of p**4/8 + 2*p**3 + 2*p**2. Calculate the remainder when u(14) is divided by j.
12
Let b(d) = 9*d + 4. Let x(n) be the second derivative of -n**5/20 + 5*n**4/12 - n**3/3 + 3*n**2/2 + 7*n. Calculate the remainder when b(3) is divided by x(4).
9
Suppose -18*u + 362 = -466. Calculate the remainder when u is divided by 5.
1
Let l be -6*((-35)/(-15) + -2). Calculate the remainder when (l + -6)/(4/(-50)) is divided by 27.
19
Let y = -22 - -14. Let a = -6 - y. Suppose 0*g + 44 = a*g. What is the remainder when 42 is divided by g?
20
Suppose 0*w - 59 = -2*w - 5*f, 66 = 2*w - 2*f. What is the remainder when (-7)/28 - 330/(-8) is divided by w?
9
Suppose 43 = 4*j - p, 2*j + 0*p + 1 = 5*p. Calculate the remainder when 39/j*((24 - 2) + -2) is divided by 18.
11
Let k(i) = 3*i - 7. Let b be k(2). What is the remainder when 65 is divided by (-1 - -2)/((b/11)/(-1))?
10
Let m = -2502 - -2624. Calculate the remainder when 481 is divided by m.
115
Let k = -394 - -431. What is the remainder when 145 is divided by k?
34
Let g(p) = -4*p**3 - p - 1. Suppose 12*q = 7*q + 30. Calculate the remainder when q is divided by g(-1).
2
Let c(s) = -s**2 - 5*s + 2. Let o be c(-5). Suppose -2*k + 10 + o = 0. Let w(z) = -19*z - 3. What is the remainder when w(-1) is divided by k?
4
Let r = -201 + 214. What is the remainder when 18 is divided by r?
5
Let n(a) = a**3 - 13*a**2 - 44*a - 24. Let k = 52 - 30. Calculate the remainder when n(16) is divided by k.
18
Let g = -2 - -1. Let p be (6 - 6)*(0 - g). Suppose p*v - 4 = -2*v, -3*x - 2*v + 190 = 0. What is the remainder when x is divided by 16?
14
Let i(h) = 19*h**2. Let p = 3183 - 3173. What is the remainder when i(-1) is divided by p?
9
Let t(d) = d**3 + 6*d**2 - d + 29. Calculate the remainder when t(-6) is divided by 21.
14
Suppose -55*l + 37 = -54*l. Calculate the remainder when 248 is divided by l.
26
Let u = 37 + -62. Let q = 51 + u. Let z = 35 - q. What is the remainder when 15 is divided by z?
6
Suppose 3*y - 34 + 10 = 0. Let w be (-2 - 126/(-35))/((-2)/(-5)). Let j = 18 - w. What is the remainder when j is divided by y?
6
Suppose -215 = -5*k - 5*n, k + 4*n - n = 37. What is the remainder when 365 is divided by k?
43
Suppose 4*h - 57 = h. Let u = 30 - h. Calculate the remainder when 21 is divided by u.
10
Let n = -130 + 164. What is the remainder when n is divided by 12?
10
Let o be (2 + -3 - 3)/(-2). What is the remainder when 10/8*59 + 1/4 is divided by (o*-25)/(-2 - 0)?
24
Suppose -2*y - 14 = -w + 11, 0 = w + y - 37. Calculate the remainder when w is divided by 27.
6
Suppose 2*o - 36 = -2*t, -125 = 12*o - 17*o + 2*t. What is the remainder when 137 is divided by o?
22
Suppose 6*v = 14 - 2. Suppose -x = 3*x + 4*i - 116, 4*i = v*x - 64. Suppose t + x = 3*t. Calculate the remainder when t is divided by 6.
3
Suppose 0*t = -4*t - 3*a + 48, 0 = -t + a + 12. Let d(l) = l**3 - 6*l**2 - 11*l + 6. What is the remainder when d(8) is divided by t?
10
Let t = 3 + -1. Let y(w) = 7*w**2 + 5*w - 7. What is the remainder when 60 is divided by y(t)?
29
Suppose 0 = -3*d - 2*d - 5*f + 235, -5*d + 4*f + 253 = 0. Suppose 71 = 4*o - 3*g, 5*o - 84 + 4 = 2*g. What is the remainder when d is divided by o?
7
Suppose -140 = -2*w - 3*i + 4*i, 0 = 5*w + 5*i - 335. Calculate the remainder when w is divided by 27.
15
Let p = -61 + 76. What is the remainder when 149 is divided by p?
14
Calculate the remainder when -18*10*3*(-14 + 13) is divided by 42.
36
Suppose -h = -0*i + i, 4*i = 5*h - 36. Suppose -3*c + 69 = h*d + 23, 2*d = -5*c + 16. Calculate the remainder when d is divided by 8.
5
Let m(p) = 2*p**2 - 5*p - 2. Let y = 804 - 765. Calculate the remainder when y is divided by m(4).
9
Let v(b) = -b + 13. Let g(i) = -20*i + 15. Let l be g(7). Calculate the remainder when ((-2550)/l)/((-2)/(-5)) is divided by v(0).
12
Suppose -4*v = -35 - 37. Let p = 11 + v. Calculate the remainder when 54 is divided by p.
25
Suppose -42*m = -45*m + 273. What is the remainder when m is divided by 3/(0 + (-3)/(-31))?
29
Suppose -16*j + 21*j + 170 = 0. Let r = 46 + j. Calculate the remainder when 22 is divided by r.
10
Let x(p) = 3*p**3 + 22*p**2 + 16*p + 1. Calculate the remainder when 97 is divided by x(-6).
48
Let t(g) = -4*g**2 + 5*g - 10. Let w(p) = -p**2 + p - 1. Let b(l) = -t(l) + 2*w(l). Calculate the remainder when b(-4) is divided by 27.
25
Let f be -3 - (-364)/4 - 4. Suppose u = -2*u + f. What is the remainder when (-287)/(-7)*(1 + 1) is divided by u?
26
Suppose 0 = 2*j - 3*m - 12, -3*j + 4*m + 17 = -0*m. Suppose -c = -l + 26, -j*c = 1 - 7. What is the remainder when l is divided by 11?
6
Let a(s) = 4*s**2 - 24*s - 15. Calculate the remainder when a(-6) is divided by 31.
25
Suppose -10*c + 11 + 79 = 0. S